r?
False
Is (-36)/(-522) - (-7203060)/261 a composite number?
True
Suppose -2*q - 3660 = 742. Let b = q - -3210. Is b a prime number?
True
Let s be (-4 - 1)*(-1)/1. Suppose -2*p - 23 = -s*o, 4*p + 16 = o + 3*o. Suppose 0 = 3*a - o*b - 5, -2*a = 2*a - 5*b - 15. Is a prime?
False
Suppose -1171 = -5*n + 2*k, -2*n + 480 - 2 = -4*k. Let j = 12 - 7. Suppose -6*p + n = -j*p. Is p a prime number?
True
Suppose -5*y + 30530 = n, -7*y = -6*y + n - 6102. Is y prime?
False
Let t be 74*2/28 - (-6)/(-21). Suppose 2957 = -o + 5*o + 5*u, -3*o - t*u = -2214. Is o composite?
False
Let f(n) = 39*n + 11. Let t be f(-7). Is t*(30/4)/(-3) a prime number?
False
Suppose -4*q - 455 = 4*n - 1343, -2*n = -q + 210. Suppose 4*x - q - 18 = 0. Is x a composite number?
False
Let i(p) = -11*p - 2. Let t(c) = c**2 + c - 1. Let j(g) = i(g) + 6*t(g). Let s be ((-48)/28)/(1/(-14)*4). Is j(s) a prime number?
False
Let b = 1917 - 118. Is b composite?
True
Let x = -371 - -8884. Is x prime?
True
Suppose 15*p = -8*p + 22586. Is p prime?
False
Let z = -3926 - -7029. Is z a prime number?
False
Let r(w) be the third derivative of -59*w**4/12 - 19*w**3/6 - 5*w**2. Is r(-9) composite?
True
Let s = 2938 + 323. Is s a prime number?
False
Let t(p) = -172*p - 63. Let f be t(2). Suppose -2*u = -0*u - 1488. Let c = u + f. Is c a composite number?
False
Let n = 60 - 52. Suppose -d = 5, -3*y + 4*d = -582 - 1673. Suppose y = 3*r - n. Is r prime?
True
Suppose 0 = 3*i - 6*i - 4*q + 6, q = -5*i + 10. Suppose i*p = -v + 3*v + 1278, -4*p + v = -2562. Is p a composite number?
False
Let g be (11 + 1)/(1/27). Suppose -3*q - g = -4*q. Suppose 3*o + 2*o = -z + q, o = 2*z - 637. Is z composite?
True
Suppose -p - 5*i = -1803 - 3505, 2*p + 2*i - 10640 = 0. Is p composite?
False
Let w be 10/(-6) + (-44)/33. Let q(o) = -25*o**3 + 3*o**2 + 3*o - 4. Is q(w) prime?
False
Suppose 8*a - 2*a + 24 = 0. Let g be (-680)/a*(-21)/(-6). Suppose 3*t - g = -2*t. Is t a prime number?
False
Let u = 30847 - 15080. Is u prime?
True
Let p = 2919 + 57032. Is p a composite number?
False
Let h = 267 + -403. Let u = h - -622. Suppose 5*x = y - 73 - 105, x = -3*y + u. Is y composite?
False
Let l = -632 - -1071. Let r = l + -230. Is r prime?
False
Suppose -5*f = 3*d - 23099, 5*f + 5*d - 11723 = 11372. Is f a composite number?
False
Is 2*3/(30/23605) a prime number?
True
Let n be (-19)/((-3)/(-453) + 0). Let a = 4602 + n. Is a a prime number?
True
Let g = 222812 - 141649. Is g composite?
False
Let g be 2/(-12) + (-53291)/42. Let j = g + 599. Is 54/45*j/(-4) a composite number?
True
Let z(o) = 1452*o**3 + o**2 - 4*o + 2. Let s be -1*(-6)/4 - (-5)/(-10). Is z(s) a prime number?
True
Let s(z) = -5*z**3 - 39*z**2 + 6*z + 97. Is s(-16) prime?
False
Suppose 5*j - 3714 - 6855 = 4*u, 0 = 3*j - 2*u - 6343. Suppose h = -2*g + 1061, 3*g + g - j = -3*h. Is g a prime number?
False
Let m(x) be the second derivative of 119*x**4/12 - x**3/6 - x**2 - x. Let j = -21 + 20. Is m(j) prime?
False
Let q(c) = -c**2 + 7*c + 52201. Is q(0) a composite number?
False
Suppose -3*j + 6*g = 3*g - 10818, j - 5*g = 3602. Is j a composite number?
False
Suppose -23*j - j = -95592. Is j a composite number?
True
Suppose -3 = 5*c + 2. Let t = -10 - c. Let s(w) = -4*w - 13. Is s(t) composite?
False
Let y = -1153 - -5830. Is y a composite number?
True
Suppose -169 = -h + 234. Suppose -5*z - 141 = -g, 0*z + h = 3*g - 5*z. Is g prime?
True
Let o be 3 - (-37 - (-3 + 0)). Suppose 2*s - 6*s + 4 = 0. Is o/((-8)/(-4) - s) prime?
True
Let k(m) = 2*m + 22. Let d be k(-11). Is (1 - 4) + d - -385 prime?
False
Let p = 388 + -48. Let y be (-1)/(-4 - p/(-84)). Let o = 338 + y. Is o prime?
True
Let w(p) = 45*p**2 + 2*p - 9. Let v be w(5). Suppose 0 = 5*a - v - 6014. Let o = -787 + a. Is o a composite number?
False
Let p be -5*(-5)/25 + -1. Suppose -3*x + 133 + 152 = p. Is x composite?
True
Let u(j) = -j - 6. Let a be u(-5). Let c(l) = 19*l**2 + l + 1. Let x be c(a). Let v = x - -120. Is v prime?
True
Let s = 25 + -18. Let v be (10/s)/(8/56). Is 4192/v + (-2)/10 composite?
False
Suppose -i + 6 = -2*i. Let x(z) be the second derivative of 5*z**4/12 + 5*z**3/6 + 13*z**2/2 + 2*z + 47. Is x(i) a prime number?
True
Suppose 0 = 2*m - 29966 + 4644. Is m composite?
True
Suppose 284251 = 106*a - 95*a. Is a a composite number?
False
Let m be (20/(-3))/2*(1 - -2). Is (-45729)/(-15) - m/25 composite?
False
Let m(y) = -6*y - 19. Let d be m(-5). Suppose -d*c + 5*c + 4014 = 0. Is c a prime number?
False
Suppose 9*r - 12*r + 39 = 0. Let x = r + -16. Is 714/4 - x/(-6) prime?
False
Let i(m) = 10548*m + 179. Is i(5) composite?
False
Let k(j) = 6 + 1 - j**2 + 4 - 5*j - 2*j. Let u be k(-8). Suppose 4*f = -2*w + 6*w - 4, 0 = -2*w + u*f. Is w a prime number?
True
Suppose -2*i + 3*i - 2*m + 356 = 0, -5*i - 1728 = 3*m. Let q = i - -979. Is q a composite number?
False
Let c(m) = -m**3 - 13*m**2 + 14*m + 2. Let t be c(-14). Suppose 5*s - 9 = t*s. Suppose 0 = -s*r + 207 - 33. Is r composite?
True
Suppose 74720 = -12*i + 331100. Is i prime?
False
Let w be ((-4)/6)/(0 - 4/36). Is 1917/(-18)*(-28)/w a composite number?
True
Suppose 0 = 13*z + 10122 - 69571. Is z prime?
False
Suppose -w + 4 = -4*n, -2*w - 1 = -3*n + 1. Is 202/(-1 + 2) - (w - -1) a composite number?
True
Suppose 2*m - 3*m + 634 = 0. Suppose 0 = 3*c - 332 - m. Let g = c - 131. Is g prime?
True
Let i be (-1)/(2*(-4)/24). Suppose 0 = 5*t - 9 - 6, 6 = -i*n - 3*t. Let b(g) = -g**2 - 10*g - 3. Is b(n) prime?
False
Suppose -4*b + 43 = 3*a, 3*a - b - 17 - 21 = 0. Suppose 0 = a*t - 5197 + 894. Is t a prime number?
True
Let k(v) = 8*v**2 - 1. Let u be k(-1). Suppose 5*z + 101 = c, 4*c + 398 = u*c + 4*z. Suppose c = 2*y - 4*w, 4*w = 3*y - w - 190. Is y a composite number?
True
Let u(k) = -k**3 + 7*k**2 - 4*k + 7. Let a(j) = -j**3 + 4. Let w be a(0). Let c be (-3)/(-12) - (-19)/w. Is u(c) a composite number?
False
Suppose 5*c + 3*c - 2*c = 0. Suppose 4*s - 16 - 20 = 0. Suppose c = 5*t - 586 - s. Is t a prime number?
False
Is (-4488036)/(-552) + -1 + 6/4 a prime number?
False
Let t(q) = 2*q**2 - 9*q - 7. Let o be 60/50*10/4. Suppose 0 = 4*x - 0*x + o*u - 23, 4*u - 28 = -5*x. Is t(x) prime?
False
Suppose 0 + 16 = 8*k. Suppose 0 = 4*o + 3*v - 429, -k*v + 86 = o - 15. Is o composite?
True
Suppose -2*n = -n - 4. Let l be 1 + n/(12/9). Suppose -2*b - x = -0*x - 692, l*b - x - 1390 = 0. Is b prime?
True
Suppose -26 = -3*u + 5*u. Suppose 5*l + x + 8 = 0, -l - 2*x + 0*x - 7 = 0. Is 9 + u - 19/l composite?
True
Let f(n) = 4*n**3 - 8*n**2 + 3*n - 11. Let w be f(-7). Is (w/12)/((-2)/6) prime?
True
Let f = -386 + 1573. Suppose -17*i = -16*i - f. Is i composite?
False
Suppose 5*k + 3*h = 8459, -4*k - 4*h = h - 6762. Is k a prime number?
True
Let u(y) = 14*y**2 + 2*y - 5. Is u(8) prime?
True
Let z = 7158 - -18679. Is z prime?
False
Let f(d) be the second derivative of d**7/630 - d**6/720 - d**5/24 - d**4/6 - 2*d. Let g(o) be the third derivative of f(o). Is g(6) prime?
False
Suppose -5*x + 165 - 15 = 0. Suppose v + 9 = 4*v. Suppose 0 = -3*y + v, 4*c - 155 + x = -y. Is c a prime number?
True
Suppose 0 = -0*d - d + 9731. Suppose -3*b + 7262 = -5*u, -b - 3*u + d = 3*b. Is b a prime number?
False
Let f(u) be the third derivative of u**5/12 - u**4/8 - u**3/2 - 5*u**2. Let y be f(-10). Suppose m - 264 = y. Is m a composite number?
True
Let b = 19234 + -11037. Is b prime?
False
Let c(b) be the second derivative of 11*b**3/3 - 59*b**2/2 + 23*b. Is c(31) prime?
False
Is (-36)/(-54)*2/((-4)/(-35241)) a composite number?
True
Suppose -d + 3*s = -85278, -s - 7 = -10. Is d composite?
True
Is (29730/(-18) + -4)*(-9)/3 a prime number?
True
Let j(g) = -14*g**3 + g**2 - 3*g - 3. Suppose f = -2*f + 3. Suppose 0 = -q + 2*l - 4, -3*q = -3*l + 10 - f. Is j(q) composite?
True
Suppose 2*f + 0*f + 8 = 0, 0 = -s - 4*f - 13. Is 4/2 + 2277/s a prime number?
True
Let j(r) = -3*r - 4. Let s be j(-2). Let o(x) = 73*x**2 - 3*x. Let k be o(s). Let b = -27 + k. Is b a prime number?
False
Suppose 0 = 6*o - 4 - 20. Let h(j) = 6*j**2 - j + 5. Is h(o) a prime number?
True
Let b be 2*-1*24/(-16). Let f(z) = z. Let u be f(7). Suppose 4*m = 4*y - 3196, 5*m = -b - u. Is y composite?
False
Let x(t) = 18*t + 9. Let p be x(-4). Let i = 3 + p. Is (-8072)/(-10) - (-12)/i a composite number?
True
Let a be -20*14*(-4 - 52/(-8)).